
0
Let h be 8/12*(-78)/(-52). Let j(r) = 1. Let i(l) = 33*l**2 - l - 3. Let k(x) = i(x) + 4*j(x). Calculate k(h).
33
Let t(g) be the first derivative of -42 + g**2 + 1 - 32. Give t(-2).
-4
Suppose -85 = -8*v - 45. Let x(p) = 17 - 6 + 2*p - 4*p - v - 5. Determine x(3).
-5
Let i = 85 + -84. Let z(o) = 0 - 1 + i - o + 3. Let x(m) = 3*m**3 - 15*m**2 + m - 5. Let v be x(5). Calculate z(v).
3
Let n(t) be the first derivative of -5*t**2/2 + 5*t - 1. Let q = -204 - -56. Let x = q + 152. Determine n(x).
-15
Let a = 12 + -1. Let r(v) = 3*v**2 + 12*v - 12. Let c(s) = -4 + 7*s - 3*s**2 + 7*s**2 - 3*s - 3*s**2. Let t(y) = a*c(y) - 4*r(y). Determine t(-6).
-8
Let b be 6 - 10/(-15)*-3. Suppose b*p - 7 = 3*p. Let t(r) be the third derivative of r**5/60 - r**4/3 + 7*r**3/6 + 11*r**2. What is t(p)?
0
Suppose j = -3*j + 12. Suppose -5*g = j*f - f - 7, -5 = -2*g - 3*f. Let l be ((-3)/(-6))/(g/(-2)). Let n(h) = -11*h**2 + 1. What is n(l)?
-10
Let a(z) = -37*z**2 - 19*z - 22. Let q(o) = 14*o**2 + 7*o + 8. Let h(m) = -3*a(m) - 8*q(m). What is h(10)?
-88
Let g = 26 + -12. Let u be ((-36)/(-42))/((-2)/g). Let m(h) = 282 - 4*h - 148 - 143. Calculate m(u).
15
Let q(n) = 8*n**3 - n**2 + n. Let t be 7244/108*3 + 4/(-18). Let l = t - 200. Calculate q(l).
8
Suppose -6*w = 12*w - 72. Let g(i) = 4 - 10 + w + i + 3. Determine g(-9).
-8
Let y(w) = -w - 3. Suppose d + 3*u + 20 = -u, -4*d - 4*u - 20 = 0. Suppose -3*c - 14 + 5 = d. Let g be 20/(-8) - (c/2 - -2). What is y(g)?
0
Let t be 529/(20/(-16) - (-8)/32). Let d = 529 + t. Let p(u) = u**3 - u**2 - 8. Determine p(d).
-8
Let k(b) = 125*b - 1258. Let i be k(10). Let t(n) = -n**3 - 5*n**2 + 23*n - 14. Determine t(i).
-6
Suppose -2*b = -3*u + 2, 51*b - 55*b + 4*u + 4 = 0. Let h(d) be the third derivative of 0*d + 0 - d**3 + 18*d**2 + 1/60*d**b - 1/4*d**4. Determine h(5).
-11
Let s(h) = -h**2 - 5*h - 1. Let u(a) = -6*a - 21. Let k be u(-5). Suppose -k*n = -1 - 26. Suppose n*g - 3 = -21. What is s(g)?
-7
Let x(h) = -29 + 68 + 14*h - 24 - 5*h. What is x(-8)?
-57
Let a(o) = -3*o**3 - o**2 + 1. Let w be 352/(-12) + (-4)/6. Suppose -26*r + 2*r = 744. Let h = r - w. Give a(h).
3
Let y = 1132 - 1126. Let i(o) = -3*o - 6. Let g(h) = -20*h - 45. Let n(l) = -2*g(l) + 15*i(l). Determine n(y).
-30
Let q(x) = -7 - 2*x**2 + 4*x**2 + 3 + 11 - 16*x. What is q(7)?
-7
Let y(r) be the first derivative of -r**2 + 37*r - 977. Calculate y(11).
15
Let y(p) = 100*p - 19. Let m(j) = -57*j + 10. Let a(u) = -7*m(u) - 4*y(u). What is a(-16)?
22
Let f(o) = 2*o**2 + 20*o + 3. Let j(c) = -11*c**2 - 100*c + 1. Let l(d) = 5*f(d) + j(d). Calculate l(3).
7
Let c(v) = -v + 1. Suppose 103 = -3*p + 4*i + 2997, -2*p = 2*i - 1906. Suppose -963*y + p*y = 10. Calculate c(y).
3
Let v(s) be the first derivative of -s**4/4 + s**3 + 3*s**2 - 4*s + 1. Let r = 477 - 271. Let p = r - 202. What is v(p)?
4
Let m(c) = 6*c - 22 + 14 + 11 + 14 - 15*c + c**2. Give m(9).
17
Suppose 0 = 6*l - 19 - 11. Let n = 106 + -103. Let i(x) = 7*x**2 - 8*x**3 - 2*x**3 + 7 + 9*x**n - 8*x. What is i(l)?
17
Let k(u) be the third derivative of u**5/60 - 19*u**4/24 + 7*u**3/3 - 4*u**2 - 177. Calculate k(18).
-4
Let w(z) = 7*z**2 + 14*z + 5. Let k(g) = -3*g**2 - 7*g - 2. Let u(n) = 5*k(n) + 2*w(n). Let a = 54 - 30. Let c = a + -32. What is u(c)?
-8
Let d(i) be the first derivative of -i**4/4 + 8*i**3/3 - 2*i**2 - 5*i - 4230. Give d(2).
11
Let u(r) = -52*r**2 + 2*r - 54. Let q(s) = 2*s**2 + 6. Let b(a) = -9*q(a) - u(a). Calculate b(1).
32
Let q = 42 - -323. Let c = -353 + q. Let n(b) = b**3 - 12*b**2 + 10. Calculate n(c).
10
Let l(n) be the second derivative of 3*n**3 - 1/2*n**2 + 113*n + 0. Give l(-1).
-19
Suppose 3*v - 16 = 2. Let j(b) = -b**2 + 3*b + 1. Let u(n) = -4689 + 4687 - 5*n - 2*n + 2*n**2. Let o(g) = -5*j(g) - 3*u(g). Give o(v).
1
Let g = -81787 - -81786. Let c(f) = -6*f**2 + f - 4. Let m(j) = 11*j**2 - j + 7. Let x(i) = -5*c(i) - 3*m(i). Determine x(g).
-2
Let q(v) be the first derivative of v**7/840 + v**6/120 - v**5/60 + v**3/3 - 2. Let i(k) be the third derivative of q(k). Let a = -83 - -80. Calculate i(a).
6
Let g(p) be the first derivative of p**6/120 + 11*p**5/60 - 13*p**4/24 - p**3/3 - 19*p**2 + 2*p + 27. Let i(m) be the second derivative of g(m). What is i(-12)?
10
Let z(p) = -p**3 - 14*p**2 - 15*p - 23. Let s be z(-13). Let l be ((-8)/2 - (-16)/s)*3. Let y(t) = 0*t - 4 - 2*t + 7*t - t**2. Calculate y(l).
0
Let b(h) = 15*h**2 + 16*h - 1. Let w(o) = -o**2 + 2*o + 727. Let m be w(-26). Determine b(m).
-2
Let f(p) = 3*p + 2. Let h(c) = 11*c - 49. Let v be h(5). Suppose 180 = -q + 4*q. Suppose -v*l + q = -16*l. Determine f(l).
-16
Let q(t) = -2*t**2 + 32*t + 29. Let y be -7 + -12*(-20)/((-30)/(-3)). What is q(y)?
-5
Let z(u) = u**3 + u**2 - u - 1. Let d(c) be the third derivative of c**6/24 - 5*c**4/24 - 5*c**3/3 - c**2. Let h(n) = -d(n) + 4*z(n). Determine h(5).
-14
Let x be 46/69*-18 - (-25)/1. Let d(t) = t**3 - 13*t**2 - 3*t - 3. What is d(x)?
-42
Let y(i) be the first derivative of -i**2/2 - 5*i - 3564. What is y(-12)?
7
Let k(d) be the third derivative of -d**7/2520 - d**6/180 + d**5/120 + d**4/12 + 27*d**2. Let h(s) be the second derivative of k(s). Let u = 1 - 4. Give h(u).
4
Let q(s) = s**2 - 12*s - 12. Let i be (-130)/45*-57 + 6/(-9). Let b = 178 - i. What is q(b)?
16
Let v(d) be the first derivative of -7*d**2/2 + 14*d + 450. Determine v(3).
-7
Let j be (8/(-5))/(-2) + ((-424)/(-20) - 8). Let y(b) = b**3 - 14*b**2 - 2*b + 8. Determine y(j).
-20
Let j(m) = -2107 - 2118 - m + 4218. Determine j(-14).
7
Let m(b) = -2*b + 5. Let y = 45 - 38. Suppose 2 - 114 = -y*l. Suppose -j + 2*w - 12 = 0, -2*j - 3*w + l = -3*j. Give m(j).
13
Let m = 568 - 555. Suppose -291*y - m = -287*y - 3*o, 3*y + 13 = -o. Let j(v) = 3*v - v + 4 - v. Calculate j(y).
0
Let c(q) = 4*q**2 - 3*q + 209. Let l(d) = 3*d**2 - 3*d + 175. Let k(y) = -4*c(y) + 5*l(y). Give k(-8).
-1
Let v be (-16)/6*21/(-14). Suppose -2*s + 4168 = 4132. Suppose v*a + 6 + s = 0. Let n(z) = z**2 + 4*z - 4. Calculate n(a).
8
Let i be 1/(11/(-11))*5. Let q(y) = 2*y**2 + 9*y - 14. Calculate q(i).
-9
Let p(x) be the second derivative of -5/2*x**3 + x**2 + 0 - 93*x. Give p(2).
-28
Let k be ((-19)/4)/(((-210)/(-40))/(-21)). Let c(d) = d**2 - 22*d + 7. Give c(k).
-50
Let n be (10/(-4))/(15*(-10)/240). Suppose 5*c - c = h - n, -3*c = -5*h - 31. Let f(k) = k**2 + 9*k + 8. Give f(h).
0
Suppose 5*y - 5*u - 55 = 0, -9*y + u + 67 = -0*y. Let o(g) be the second derivative of -2*g**3/3 + 3*g**2 + 17*g. Calculate o(y).
-22
Let j(f) be the second derivative of -26*f + 1/2*f**2 + 0 + 0*f**3 + 4/3*f**4. Determine j(-1).
17
Suppose 0 = 6*r + 50 + 58. Let z = r - 42. Let b = -56 - z. Let m(g) = -g**2 + 2*g - 3. Calculate m(b).
-11
Let z(y) = 6*y. Suppose 4*m - p - 165 = -0*p, 2*m = p + 81. Suppose 27*v + 15 = m*v. What is z(v)?
6
Let m(k) = -6*k**2 + 0*k**3 - k + 6*k**3 + 8 - 5*k**3. Suppose -70*w + 6506 = 6086. Determine m(w).
2
Let m(o) be the first derivative of -4*o + 8 + 8/3*o**3 - 1/4*o**4 - 7/2*o**2. Let c be (3/(3/2))/((-46)/(-161)). Give m(c).
-4
Suppose -26 = -10*a - 6. Suppose -t = -4*t + 3. Let v(q) = -2*q**a + 0*q**2 - q**3 + t + 3*q**3 - 3*q**3. Calculate v(1).
-2
Let v(f) = -f**2 - 5*f - 2. Suppose 2*q + 8 = 2*a, -2*a + 4*q = a - 15. Let b be (35/(-25) + a)*15. Determine v(b).
-8
Let y = -11/1131 - -1175/4524. Let f(b) be the second derivative of 0 + 22*b + 1/20*b**5 - y*b**4 - b**2 - 1/3*b**3. What is f(4)?
6
Let y = -109 + 103. Suppose 4*x + 5 = 33. Let i(a) = 3*a**2 + 3*a + 7. Let j(c) = 10*c**2 + 8*c + 22. Let g(h) = x*i(h) - 2*j(h). Calculate g(y).
11
Let n = -426 - -272. Let m = n - -143. Let t(i) = -i**3 - 11*i**2 + i + 9. Give t(m).
-2
Let z(k) = -4*k**2 - 24*k - 40. Let u(c) = c**2 + 12*c + 1. Let b(q) = 3*u(q) + z(q). Calculate b(6).
-1
Suppose -6*k + 2*k + 3*s + 131 = 0, 0 = -4*k - s + 111. Let x(u) = 3 + 8*u - k*u + 20*u. Calculate x(8).
-5
Suppose 0 = -3*o - 2*f + 32, 7*o + 44 = 11*o + 3*f. Let n be (-15)/(-18)*o*12/8. Let q(h) = -h**3 + 10*h**2 + 2*h - 15. Give q(n).
5
Let r(h) be the first derivative of 39*h**2/2 + 6*h + 552. Give r(1).
45
Let j(n) = -1 - 561*n + 389*n + 173*n. Let u be 10*-1*1 + 0. What is j(u)?
-11
Suppose 164*r + 87*r = 23*r + 2736. Let h(i) = -i**3 + 13*i**2 - 12*i + 41. Give h(r).
41
Let u(m) = m + 1. Sup